6). Let x = 61 + k. Is x a prime number?
False
Let j be -9*(-2 + 2/2). Let a be (j/6)/(2/52). Suppose n - 5*w - 13 = 0, -3*n + a = -w + 2*w. Is n composite?
False
Let t = 3 + -3. Suppose s + t = -2. Is ((-166)/8)/(s/8) a prime number?
True
Suppose 0 = 3*i - 52 - 20. Is 546/i + (-3)/(-12) prime?
True
Let c(k) = 34*k. Let y be c(3). Suppose 3 = 5*h - y. Is h a composite number?
True
Let j(f) = -f**2 - 10*f - 1. Let m be j(-10). Let s be (m/3)/(3/(-18)). Suppose 5*n - 36 = 3*n + s*a, a + 32 = 2*n. Is n a prime number?
False
Suppose -54 = 5*k - 2*r - 2*r, 4*r + 46 = -5*k. Is k/(-15)*(-489)/(-2) composite?
False
Let y be (57/(-9))/(1/(-9)). Suppose -y + 268 = k. Is k prime?
True
Let c = 12 - 18. Let y = 9 - c. Is y composite?
True
Let d(c) = -c**2 + c + 12. Let i be d(0). Suppose g - 2*f - 5 = 0, -4*g + 2 = -5*f - i. Is (-26)/(2 + -2 - g) a prime number?
False
Is -42*(3/2 - 2) a composite number?
True
Suppose -6*q - 132 = -8*q. Let n = q + -35. Is n composite?
False
Suppose -2962 = -21*v + 19*v. Is v a prime number?
True
Is (-5 - -6)*(699 + (0 - -2)) composite?
False
Let v(b) = -60*b**3 - b**2 + b + 1. Suppose 0 = -5*p - m - m + 25, 0 = -2*p - m + 10. Suppose z = -4*z - p. Is v(z) a composite number?
False
Suppose -8450 = 6*t - 11*t + l, -3*t - 5*l = -5098. Is t prime?
False
Suppose 681 - 89 = i - 5*p, 3*i + 5*p = 1756. Is i a composite number?
False
Let u(m) = 4*m**3 - m**2 - 2*m - 1. Let k be u(-1). Let j be k/(-8) + (-2)/4. Suppose j = -4*x - t - 10 + 226, -4*x + 4*t = -236. Is x composite?
True
Let v(d) = -2*d - 8. Let p be v(-6). Suppose 0 = -2*y + 3*o + 28, -3*y + p*o + o = -40. Is -1 + y - (-2 - -2) composite?
False
Suppose 0 = 4*d - 2*d - 5*l - 15, 0 = -2*d + 4*l + 10. Let t = d - -51. Is t a composite number?
True
Suppose -15 = -5*d, -g + 0*d - 5*d = -280. Is g prime?
False
Let l = 294 - -23. Suppose -k + 2*s - 225 = -4*k, l = 4*k - 3*s. Is k prime?
False
Let d(m) = -6*m + 2. Let x be d(-3). Suppose c - x + 7 = 0. Suppose 0 = a - c - 42. Is a composite?
True
Let k be ((-1)/(-2)*0)/1. Let w be ((-2)/(-2))/(-1 - k). Is (2/4)/w*-118 composite?
False
Suppose -4*d + 4 = -8. Is 50 + d + (2 - 0) prime?
False
Suppose -1 + 7 = -3*p. Let n be 149/2 - p/(-4). Suppose -r + 55 = m, r + 19 = -2*m + n. Is r a composite number?
True
Is ((-474)/(-30)*4)/(4/10) a prime number?
False
Let a(i) = -2*i**3 - 2*i**2 - 8*i - 6. Let j be a(-8). Suppose 4*u - j = 98. Let h = -136 + u. Is h a composite number?
False
Let j(g) = 9*g**2 - 5*g + 13. Is j(3) composite?
False
Let y be (2 + 16/(-5))*-5. Let s(n) be the second derivative of n**5/20 - 5*n**4/12 - 5*n**3/6 + 2*n**2 + 2*n. Is s(y) a prime number?
False
Suppose 0 = v + q - 10, -6*v + v = -5*q - 80. Let l = 7 + v. Let m = 2 + l. Is m prime?
False
Let f(y) = -y**3 - 7*y**2 - 7*y - 5. Let p be f(-6). Let t = p + -1. Suppose t = -5*h + 49 + 16. Is h a composite number?
False
Suppose 3*j = 5*j - 234. Suppose 0 = -z - 2*x + 51, -5*z - 3*x + 131 = -j. Is z composite?
True
Suppose 4*b = -5*l - 649 + 1942, 5*b - l - 1638 = 0. Let v = 578 - b. Is v a composite number?
False
Let o(r) = -2*r - 3 + 22*r + 0. Let a = 0 - -5. Is o(a) composite?
False
Let f(g) = -g**3 - 3*g**2 + 3*g + 1. Let d be f(-4). Suppose -60 = -5*l + d*t, -3*l + 3*t + 34 = t. Is l a composite number?
True
Suppose 0 = 3*m + r - 92, -2*m + 148 = 3*m - r. Let g = m + -4. Is g composite?
True
Let x(b) = b**3 + 7*b**2 + 7*b + 9. Let h be x(-6). Suppose 0 = -y - 4*z - 0 + 22, h*y - 21 = -3*z. Suppose -y*a = -6*a + 148. Is a prime?
True
Let x be (-1)/(-1)*(-2)/(-1). Suppose -5*j + x*c = -51 - 20, 28 = j - 5*c. Is j prime?
True
Suppose -32 = 2*v + 2*o, -36 = 4*v - 6*o + 3*o. Let j be v/(-5) - 4/10. Suppose -j*z = 2*z - 44. Is z a composite number?
False
Let h(z) = z**2 - 2*z + 2. Let s be h(3). Suppose s = 2*y - 41. Suppose 2*n = n + y. Is n prime?
True
Suppose 4*x + 2*j = -0*x + 756, -3*x + 565 = j. Suppose -t = -0*t - x. Is (-1)/(-4) - t/(-4) a composite number?
False
Suppose 0 = 3*x - 0 + 27. Let d = x - -30. Is d prime?
False
Suppose 0 = -0*h - h + 12. Suppose 3*d + 15 = x, -6*d = 4*x - 2*d - h. Is (4/x)/((-8)/(-1356)) a composite number?
False
Suppose 0 = 8*k - 38 - 1026. Is k a composite number?
True
Let g(t) = -t. Suppose 0 = 2*z - 0 - 2. Let w(j) = 8*j + 11. Let q(x) = z*w(x) + g(x). Is q(8) a prime number?
True
Suppose -3*m + 147 + 552 = 0. Is m a prime number?
True
Let o = 61 - 5. Suppose 4*w - 40 = -k + 3, k = 5*w - o. Is w a prime number?
True
Suppose -6*v + 5384 = 2*v. Is v prime?
True
Let v(t) = 490*t - 31. Is v(4) a composite number?
True
Suppose 0 = 4*d - 12. Let r = d - 1. Suppose -3*h - 19 = -r*g, -2*h - 18 = -2*g + 2*h. Is g composite?
False
Let d be 8 - (-1 - (2 + -1)). Let t be 30/(-12)*(-12)/d. Suppose 2*q - t*q = -39. Is q a prime number?
False
Let h(r) = r**2 + 3*r + 3. Let j be h(-3). Suppose 0 = -2*s - j*s. Is 37 - (s - (-2 + 4)) composite?
True
Let c(l) = -l**2 + 5*l + 7. Let r be c(6). Let z be r/(-1) - -163*2. Suppose -s + z = 4*s. Is s a prime number?
False
Suppose 4*w - 3*w = 323. Is w a composite number?
True
Let s = -10 + 12. Suppose g = 3*x - 385, 2*x - s*g - 206 = 56. Is x a composite number?
False
Let o be (55/(-3))/((-3)/9). Let c = o + 10. Is c composite?
True
Let q = -36 - -22. Let r be (-27)/21 - 4/q. Is 159/(-1)*r/3 composite?
False
Let b = -112 + 278. Is 1/(-3) - b/(-3) a composite number?
True
Let w = 624 + -353. Is w composite?
False
Suppose 10311 = 5*j - 11044. Is j composite?
False
Let q(o) = 266*o**2 - 2*o + 1. Let z(w) = w**2 + w - 1. Let m be z(0). Let p be m/3 + 8/6. Is q(p) prime?
False
Suppose -3*z + 721 + 3476 = 0. Is z a prime number?
True
Is (49/21)/(2/498) composite?
True
Let z = 167 + -244. Let p = -31 - z. Is p a composite number?
True
Let o be ((-4)/3)/(14/21). Let j be (-2)/(2 - (-6)/o). Suppose -j*x = -4*x - 4, 0 = 3*m + 4*x - 103. Is m a prime number?
True
Suppose -6*x - 474 = -3*y - 3*x, -3*y - 2*x = -464. Suppose -81 = -3*l + y. Is l prime?
True
Suppose 4*u + 174 = 5*d, d + 3*d - 137 = u. Let x = 1 - -3. Suppose 22 + d = x*f. Is f prime?
False
Let s(w) = -w**3 + 83. Let t(u) = -u + 4. Let y be t(4). Is s(y) a prime number?
True
Let r(q) = 5*q**2 + 33*q + 6. Is r(-16) prime?
False
Is (2 - -783) + -2 + 4 prime?
True
Suppose 0*k + 8 = 2*k, 3*i + 5 = 5*k. Suppose -h + 1 = 0, -i*q + 5*h = -1883 + 638. Suppose n - 123 = -z + 2*z, z + q = 2*n. Is n a composite number?
False
Let n = -1591 + 2576. Is n prime?
False
Let c = -8 + 20. Let w(h) = -1 + 0 + 2*h + c*h**2 + 1 - 1. Is w(1) a prime number?
True
Let b(j) = 1 + 0*j - 2*j + 4*j - j. Let x be b(-1). Suppose x = o + 4*o - 185. Is o composite?
False
Let y be 12/(-9) + 2/6. Let a = y - -3. Is a a composite number?
False
Let s(n) = 174*n - 75. Is s(8) prime?
False
Let j(c) be the third derivative of -c**6/120 + 2*c**5/15 + c**4/24 - 3*c**3/2 + 7*c**2. Let a be ((-7)/4)/(1/(-4)). Is j(a) composite?
False
Suppose -4*u + 6 = -2. Let a(w) = 4*w**2 - 3*w + 3. Let p be a(u). Let c = p - -66. Is c a prime number?
True
Let l be ((-5)/2)/(5/(-10)). Let n be (-405)/(-6)*(l + -3). Suppose 3*a = -c + 383, a - 4*c = 2*a - n. Is a a composite number?
False
Suppose 0 = -4*v + 3*q + 7, -4*v - 3*q - 9 = 14. Let p(d) = 13*d**2 + d - 4. Is p(v) a composite number?
True
Suppose 4*d - 56 = 68. Is d a composite number?
False
Let v(q) = q**3 - q**2 + q + 1439. Is v(0) prime?
True
Let m(d) be the first derivative of 4*d**3 + d**2 + 2*d + 2. Let h be m(-2). Suppose p - h = -9. Is p prime?
True
Let s be 2 - 3/(-9)*0. Suppose -s*a - 338 = -l, -l - 2*a + 335 = -3*a. Suppose 2*i + 2*i - l = 0. Is i a composite number?
False
Let f be 4*(3/2 + -2). Let x(j) = 14 - 54*j - 15 - 19*j. Is x(f) prime?
False
Let p = 327 - 198. Suppose 29 - p = -4*a + 4*l, 4*a - l = 88. Is a a prime number?
False
Let t(b) = 5*b**3 + 6*b**2 + 3*b - 4. Let r be t(-4). Let n = -11 - -10. Is 1/(r/(-237) + n) a composite number?
False
Is 938/4 - (-9)/(-6) a prime number?
True
Is (3147/9)/(4/60) prime?
False
Let n = -11 + 16. Suppose -2*v - 3*v + 1080 = 5*q, -220 = -q - n*v. Is q a prime number?
False
Let f(q) = 5*q**3 + 20*q**2 - 11*q + 2. Let r(y) = -3*y**3 - 10*y**2 + 6*y - 1. Let g(h) = -4*f(h) - 7*r(h). Is g(10) composite?
False
Let l(z) be the first derivative of -z**4/4 + 8*z**3/3 - 5*z**2/2 - 5*z + 2. Let 